 0 = -t + s - 40. Let k = t + 62. What are the prime factors of k?
2, 13
Suppose -5*b = -v + 35, -3*b - 5*v - 34 = 15. Let m = -7 - b. What are the prime factors of 2 - (29 + m)/(-5)?
2
Let k(i) = -i**2 + i. Let r(c) = -2*c**2 - 26*c - 5. Let h(n) = 3*k(n) - r(n). List the prime factors of h(25).
3, 5, 7
Let d = 10 + -3. What are the prime factors of 3 - (-76 + -3 + d)?
3, 5
Suppose 8 = -2*s, -2*s - 11 = 5*w - 3. Suppose w = -2*m + 82 + 18. What are the prime factors of m?
2, 5
Suppose -5*q = -0*q. Suppose -2*f + 7*f - 195 = q. List the prime factors of f.
3, 13
Suppose 0 = 3*m + 5*x - 1952, m - 5*m + 2597 = x. List the prime factors of m.
11, 59
What are the prime factors of 6 - (28/7 - 67)?
3, 23
Let h = 226 - 134. Suppose -j + h = j. List the prime factors of j.
2, 23
Let o be 0/((-6 - -2)/(-2)). Let v = 3 - o. Suppose -3*r + 2*a + 32 = -11, 23 = v*r + 2*a. List the prime factors of r.
11
Suppose 5*h = -5*n + 4*n - 7, -4*h = -3*n + 36. Suppose 3*t - n*t + 470 = 0. List the prime factors of t.
2, 47
Suppose 1317 = 4*x - 1683. List the prime factors of x.
2, 3, 5
Suppose 1003*q + 864 = 1004*q. List the prime factors of q.
2, 3
Let j = -3173 + 4726. What are the prime factors of j?
1553
Let a = -229 - -468. Let m = 418 - a. What are the prime factors of m?
179
Suppose i + 86 = -m, 0 = 5*i + m + 2*m + 428. Let h = i - -39. Let z = h - -95. What are the prime factors of z?
7
Let m(q) = -q**2 + q. Let n be m(0). Let r(y) = -y + 47. Let z be r(n). Suppose 0 = 3*i + 3*l - 39, 0 = 4*i + l + 4*l - z. List the prime factors of i.
2, 3
Let u = 156 + -68. List the prime factors of u.
2, 11
Let s be ((-32)/12)/((-4)/6). Let j be s/(-6)*-3*3. What are the prime factors of j*(2 - 14/(-4))?
3, 11
Let i = 9 + -10. Let y be ((-29)/(-2))/(i/(-6)). Suppose k + y = 4*f - 4*k, 0 = -3*k + 3. What are the prime factors of f?
23
Let d(b) = 21*b - 38. Let t = 107 - 103. What are the prime factors of d(t)?
2, 23
Let b(n) = -355*n**2 - 10*n - 5. Let f(l) = -71*l**2 - 2*l - 1. Let h(t) = 2*b(t) - 11*f(t). Let c be h(-1). List the prime factors of (-20)/c + (-732)/(-14).
2, 13
Let i(n) = -n + n - 3 - 2*n. Let y be i(0). List the prime factors of (y/(-2))/(15/190).
19
Let q = -48 - -38. Let s = q + 19. List the prime factors of s.
3
Let k = 191 - 268. Let r = -170 - k. Let l = -46 - r. What are the prime factors of l?
47
Suppose 0*g + 5*a - 3714 = -3*g, -g = 4*a - 1231. List the prime factors of g.
11, 113
Let h(x) = x**3 - 10*x**2 + 22*x - 47. List the prime factors of h(13).
2, 373
Suppose 4*y - 29 - 51 = 0. Suppose -6*v = -4*v + y. Let t = 26 - v. What are the prime factors of t?
2, 3
Let y be -2 + 5 - (-5 - -6). Let h be 8/y*(-5)/(-4). Suppose -t = -5*z + 35, h*z - 2*t - 30 = -0*t. List the prime factors of z.
2
Suppose 15*y = 621 - 141. Suppose 7*u - 3*u = 28. Let m = y - u. List the prime factors of m.
5
Let d be (-16)/(-5)*20/8. Suppose d = -u + 18. List the prime factors of u.
2, 5
Let f(m) = m - 6. Let g be f(10). Suppose g*c = 4*t + 116, -44 = -3*c - 4*t + 36. Let r = -20 + c. What are the prime factors of r?
2
Let k(f) = f**3 + f**2 - f + 1. Let q be k(0). List the prime factors of -2 + q/((-5)/(-50)).
2
Let k be (-40)/3*84/(-35). Let w = -13 + k. Let a = w - -8. List the prime factors of a.
3
What are the prime factors of (-183)/(-305) + 1 + 17706/15?
2, 3, 197
Let p(y) = y**3 + 9*y**2 + 12*y - 8. Let i be p(-7). Suppose i*w - 290 = 112. List the prime factors of w.
67
Suppose -12*m + 15*m = 42. Suppose -2*j + 125 = k, -5*k + 655 = -10*j + m*j. What are the prime factors of k?
3, 5
List the prime factors of 10*((-534)/(-15))/1.
2, 89
Let t(a) = -2*a**3 + 20*a**2 + 7*a - 13. Let l = 0 + 10. List the prime factors of t(l).
3, 19
Suppose 3*s - p + 81 = 0, -2*s - 5*p - 23 = 48. Let l be (-4)/14 - (-104)/s. Let u = 1 - l. What are the prime factors of u?
5
Suppose -4*p + 4*k = -3*p - 2381, -4*p - 4*k = -9504. List the prime factors of p.
2377
Suppose -3*a = -6*a + 3*y + 1563, y = 5*a - 2593. What are the prime factors of a?
2, 7, 37
Let s(i) = -4*i**2 - 12*i - 9. Let d be s(-8). Let o = 288 + d. Suppose -l + 189 = 5*f, -7*l + 2*l = -3*f + o. What are the prime factors of f?
2, 19
Let x(c) = -174*c + 125. What are the prime factors of x(-10)?
5, 373
Suppose 2*a = -1433 + 6195. List the prime factors of a.
2381
Let c(n) = 1206*n**2 + 6*n + 5. List the prime factors of c(-1).
5, 241
Suppose 10 = -4*g - 14. Let k be (-25)/10*g/5. List the prime factors of -4 - ((-102)/1)/k.
2, 3, 5
Suppose 59*d + d = 126780. What are the prime factors of d?
2113
Let x(i) = 349*i + 125. List the prime factors of x(8).
2917
Suppose 4*t = 12, 2*k - t - 34 = t. Let v be (-336)/14*4/(-6). Let i = k - v. List the prime factors of i.
2
Let m(n) = -52*n - 519. What are the prime factors of m(-32)?
5, 229
Let q(h) = -h - 4. Let l be q(2). Let y(k) = k**3 + 8*k**2 + 10*k + 6. What are the prime factors of y(l)?
2, 3
Let b be (-3 - (-62)/4)*2. Suppose 0 = -n - 3*x + b, -4*n + 3*x + x + 84 = 0. List the prime factors of n.
2, 11
Let p(b) = -3*b**3 - 22*b**2 - 2*b - 25. What are the prime factors of p(-10)?
3, 5, 53
Suppose 5*z = 3*x + 31, -4*x - 3*z + 4*z - 13 = 0. What are the prime factors of (x + 4)/(-2) - -33?
2
Let s be (16/(-4))/1 + 4. Suppose -2*n - 3*y + 19 = s, 3*y - 9 = 6. Suppose -n*r + 23 = 3*u - 17, -u - 3*r = -11. What are the prime factors of u?
2, 7
Suppose -4*l + 8*l = 188. Let n = 174 - l. Let d = n + -88. List the prime factors of d.
3, 13
Let o(x) = x**2 + 19*x - 16. Let z be o(-16). Let h = -56 - z. What are the prime factors of h?
2
Let a = 57 - 52. Let y(i) = 5*i + 7. Let o be y(-8). What are the prime factors of (6/a)/(o/(-110))?
2
Let p = 684 + -280. Let s = 604 - p. Suppose -x - 2*z + 47 = 0, -x + 4*z = 3*x - s. What are the prime factors of x?
7
Let c(f) = f**3 - 8*f**2 + 10*f - 10. Let n = -25 + 32. What are the prime factors of c(n)?
11
Let d(v) = 15*v - 2. Let w be d(1). Suppose -7*c + w*c = 846. What are the prime factors of c?
3, 47
What are the prime factors of (-76 + 72)*(1 + -172)?
2, 3, 19
Suppose 3*a - 1 = -7*m + 2*m, 0 = -4*a - 12. Let r = 194 - 182. What are the prime factors of r/m*306/36?
3, 17
Let j(m) = -9*m - 17. Let y be j(-7). Suppose y*s = 52*s - 480. What are the prime factors of s?
2, 5
Suppose -5*b - 5*c - 230 = 0, 2*c + 185 = -4*b - c. Let r = -19 - b. What are the prime factors of r?
2, 7
What are the prime factors of (-2)/5 + (-10)/((-500)/21970)?
439
Let u(f) = -3*f + 6. Let b be u(4). Let o = 4 + b. List the prime factors of o/(-6) + (-142)/(-6).
2, 3
Let j(h) = 109*h + 19. Let s(m) = 164*m + 29. Let b(g) = -8*j(g) + 5*s(g). List the prime factors of b(-3).
149
Let y(i) = -13 + 19*i - 13*i**2 + 10*i**2 - 2*i + 36*i. What are the prime factors of y(15)?
107
Suppose -7*q = -8*q + 59. Suppose 2*s - q = 23. What are the prime factors of s?
41
Let p(t) = 16*t - 4. Let i be p(5). Let f = i + 26. List the prime factors of f.
2, 3, 17
Suppose -q + 1191 + 723 = 0. What are the prime factors of q?
2, 3, 11, 29
Let p be ((-5)/(5/3))/(-1). Let y = -1 + -4. Let q = p - y. What are the prime factors of q?
2
Let t(c) = 74*c + 483. What are the prime factors of t(-5)?
113
Let z(o) = 45*o + 56. What are the prime factors of z(7)?
7, 53
Suppose -3*m = -0*m + 5*g - 1663, -3*g = -m + 559. Suppose m = 2*i - 8. What are the prime factors of i?
2, 3, 47
Let r be ((-60)/(-4) - -1)/(-1). Let t = 54 - r. List the prime factors of t.
2, 5, 7
Suppose 72*f = 77*f - 180. List the prime factors of f.
2, 3
Suppose -12 = -4*r - 4. Suppose 0 = r*x + 6, 241 = 5*t - 5*x - 139. List the prime factors of t.
73
Suppose 5*o + 20 = 0, -12*u = -14*u + 4*o + 3392. List the prime factors of u.
2, 211
Suppose 15*b = 25*b - 4590. List the prime factors of b.
3, 17
Let y = 8 + -3. Suppose -y*f + 1319 - 414 = 0. What are the prime factors of f?
181
Let k(g) = g**3 - 3*g**2 + 3*g - 1. Let c be k(4). Let w = 48 - c. List the prime factors of w.
3, 7
Let q be (-6)/4 - 3/(-6). Let p be q + 0 + (7 - 10). What are the prime factors of (-15)/30 + (-274)/p?
2, 17
Suppose 2*v = -2*l + 20, -4*l - 2 - 2 = 0. Let o = 6 + v. List the prime factors of o.
17
Suppose -4*j + 7 = 3*o - 2*o, 4*j + 3*o - 5 = 0. Let c(q) = 15*q. List the prime factors of c(j).
2, 3, 5
Suppose 0 = -2*k + 2, -5*u + 3*k = -0*